{"id":203,"date":"2012-02-02T10:42:00","date_gmt":"2012-02-02T10:42:00","guid":{"rendered":"http:\/\/www.gamsau.map.cnrs.fr\/?page_id=203"},"modified":"2018-10-29T14:02:42","modified_gmt":"2018-10-29T13:02:42","slug":"theses-de-doctorat","status":"publish","type":"page","link":"http:\/\/www.gamsau.map.cnrs.fr\/?page_id=203","title":{"rendered":"Th\u00e8ses de doctorat"},"content":{"rendered":"<h4><span style=\"color: #808080;\">T H \u00c8 S E S \u00a0 E N\u00a0\u00a0 C O U R S<\/span><\/h4>\n<p>&nbsp;<\/p>\n<ul>\n<li><span style=\"line-height: 13px;\"><span style=\"line-height: 13px;\"><span style=\"color: #808080;\"><strong>Violette ABERGEL<\/strong><\/span><br \/>\n<\/span><\/span><\/p>\n<div><span style=\"color: #808080;\"><em>ED Arts et M\u00e9tiers ParisTech<br \/>\n<\/em><\/span><\/div>\n<div><span style=\"color: #808080;\"><strong>Titre :\u00a0<\/strong>Annotation s\u00e9mantique multimodale en r\u00e9alit\u00e9 mixte : application au cas des Grottes Orn\u00e9es.<\/span><\/div>\n<div><span style=\"color: #808080;\"><strong>Directeur<\/strong> <strong>:<\/strong> Livio De Luca (MAP)<\/span><\/div>\n<div><span style=\"color: #808080;\"><strong>Financement : <\/strong>contrat doctoral MCC<br \/>\n<\/span><\/div>\n<\/li>\n<\/ul>\n<ul>\n<li><span style=\"line-height: 13px;\"><span style=\"line-height: 13px;\"><span style=\"color: #808080;\"><strong>Nicola CARBONI<\/strong><\/span><br \/>\n<\/span><\/span><\/p>\n<div><span style=\"color: #808080;\"><em>Consortium Marie Curie ITN &#8211; Digital Cultural Heritage<\/em><\/span><\/div>\n<div><span style=\"color: #808080;\"><strong>Titre : <\/strong>Conceptualization and semantic description in digitized tangible \/ intangible Cultural Heritage content.<\/span><\/div>\n<div><span style=\"color: #808080;\"><strong>Directeur<\/strong> <strong>:<\/strong> Livio De Luca (MAP)<\/span><\/div>\n<div><span style=\"color: #808080;\"><strong>Financement : <\/strong>bourse Marie-Curie ESR<\/span><\/div>\n<\/li>\n<\/ul>\n<p>&nbsp;<\/p>\n<p>&nbsp;<\/p>\n<h4><span style=\"color: #808080;\">T H\u00c8 S E S \u00a0 S O U T E N U E S<\/span><\/h4>\n<h4><span style=\"color: #808080;\">\u00a0\u00a0\u00a0\u00a0\u00a0\u00a0 2017<\/span><\/h4>\n<ul>\n<li><span style=\"line-height: 13px;\"><span style=\"line-height: 13px;\"><span style=\"color: #808080;\"><strong>Tommy MESSAOUDI<\/strong><\/span><br \/>\n<\/span><\/span><\/p>\n<div><span style=\"color: #808080;\"><em>ED 432 \u2013 Arts et M\u00e9tiers ParisTech<\/em><\/span><\/div>\n<div><span style=\"color: #808080;\"><strong>Titre : <\/strong>\u00c9tablissement d&#8217;un continuum d&#8217;informations entre l&#8217;espace r\u00e9el et sa repr\u00e9sentation num\u00e9rique pour l&#8217;analyse et le suivi de l&#8217;\u00e9tat de conservation d&#8217;\u00e9difices patrimoniaux.<\/span><\/div>\n<div><span style=\"color: #808080;\"><strong>Directeur<\/strong> <strong>:<\/strong> Livio De Luca (MAP)<\/span><\/div>\n<div><span style=\"color: #808080;\"> <strong>Co-directeur :<\/strong> Philippe VERON (Arts et M\u00e9tiers ParisTech)<\/span><\/div>\n<div>\n<p><span style=\"color: #808080;\"><strong>Financement : <\/strong>contrat doctoral CNRS &#8211; ANR Monumentum<\/span><\/p>\n<h4><span style=\"color: #808080;\">2016<\/span><\/h4>\n<ul>\n<li><span style=\"color: #808080;\"><strong>David LO BUGLIO<\/strong><\/span><br \/>\n<span style=\"color: #808080;\"> <em> Universit\u00e9 Libre de Bruxelles<\/em><\/span><br \/>\n<span style=\"color: #808080;\"> <strong>Titre :<\/strong> \u00c9tude sur la dimension cognitive du relev\u00e9 architectural et objectivation des connaissances implicites contenues dans le syst\u00e8me de repr\u00e9sentation utilis\u00e9. Application au domaine de la repr\u00e9sentation num\u00e9rique du patrimoine b\u00e2ti.<\/span><br \/>\n<span style=\"color: #808080;\"> <strong>Directeur :<\/strong> Judith Lemaire (ULB -La Cambre)<\/span><br \/>\n<span style=\"color: #808080;\"> <strong>Co-directeur :<\/strong> Livio De Luca (MAP)<\/span><br \/>\n<span style=\"color: #808080;\"> <strong>Financement :<\/strong> ULB\/FNRS<\/span><\/li>\n<\/ul>\n<p>&nbsp;<\/p>\n<h4><span style=\"color: #808080;\">2015<\/span><\/h4>\n<ul>\n<li><span style=\"color: #808080;\"><strong><span style=\"color: #808080;\">Adeline MANUEL<\/span><\/strong><br \/>\n<span style=\"color: #808080;\"><em>ED 432 \u2013 Arts et M\u00e9tiers ParisTech<\/em><\/span><br \/>\n<span style=\"color: #808080;\"><strong>Titre :<\/strong> S\u00e9mantisation 2D\/3D d&#8217;\u00e9l\u00e9ments architecturaux bas\u00e9e sur l\u2019annotation d\u2019un ensemble d&#8217;images spatialement r\u00e9f\u00e9renc\u00e9es.<\/span><br \/>\n<span style=\"color: #808080;\"><strong>Directeur :<\/strong> Livio DE LUCA (MAP)<br \/>\n<strong>Co-directeur : <\/strong>Philippe VERON (Arts et M\u00e9tiers ParisTech)<\/span><br \/>\n<span style=\"color: #808080;\"><strong>Financement :<\/strong> contrat doctoral<\/span><br \/>\n<\/span><\/li>\n<\/ul>\n<p>&nbsp;<\/p>\n<ul>\n<li><span style=\"color: #808080;\"><strong>Annika MOSCATI<\/strong><\/span><br \/>\n<span style=\"color: #808080;\"> <em> \u00c9cole Doctorale \u00ab Scienza della rappresentazione e del rilievo \u00bb \u2013 Italie<\/em><\/span><br \/>\n<span style=\"color: #808080;\"> <strong>Titre :<\/strong> Sistemi informativi integrati per la valorizzazione del patrimonio urbano\/architettonico.<\/span><br \/>\n<span style=\"color: #808080;\"> <strong>Directeur :<\/strong> Elena Ippoliti (Universit\u00e9 Roma La Sapienza)<\/span><br \/>\n<span style=\"color: #808080;\"> <strong>Co-directeur :<\/strong> Livio De Luca (MAP)<\/span><br \/>\n<span style=\"color: #808080;\"> <strong>Financement<\/strong> : bourse de mobilit\u00e9 Universit\u00e9 de Roma La Sapienza<\/span><\/li>\n<\/ul>\n<p>&nbsp;<\/p>\n<h4><span style=\"color: #808080;\">2014<\/span><\/h4>\n<p>&nbsp;<\/p>\n<ul>\n<li><span style=\"color: #808080;\"><strong>K\u00e9vin JACQUOT<\/strong><\/span><br \/>\n<span style=\"color: #808080;\"><em>ED 77 \u2013 IAEM Lorraine<\/em><\/span><br \/>\n<span style=\"color: #808080;\"><strong>Titre :<\/strong>\u00a0Num\u00e9risation et restitution virtuelle des maquettes de la collection de Louis XIV : Le cas des fortifications bastionn\u00e9es.<\/span><br \/>\n<span style=\"color: #808080;\"><strong>Directeur :<\/strong>\u00a0Gilles Halin\u00a0(MAP)<\/span><br \/>\n<span style=\"color: #808080;\"><strong>Co-directeur :<\/strong>\u00a0Christine Chevrier\u00a0(MAP)<\/span><br \/>\n<span style=\"color: #808080;\"><span style=\"color: #808080;\"><strong>Financement :<\/strong><\/span><\/span><\/li>\n<\/ul>\n<ul>\n<li><span style=\"color: #808080;\"><strong>Meriem ZAMMEL<\/strong><\/span><br \/>\n<span style=\"color: #808080;\"><em>ED 112<\/em><\/span><br \/>\n<span style=\"color: #808080;\"><strong>Titre :<\/strong>\u00a0L\u2019apport des outils num\u00e9riques \u00e0 l\u2019architecture compar\u00e9e des th\u00e9\u00e2tres d\u2019Afrique romaine.<\/span><br \/>\n<span style=\"color: #808080;\"><strong>Directeur :<\/strong>\u00a0Alain Schnapp<\/span><br \/>\n<span style=\"color: #808080;\"><strong>Co-directeur :<\/strong>\u00a0Michel Florenzano (MAP)<\/span><br \/>\n<span style=\"color: #808080;\"><strong>Financement :<\/strong>\u00a0contractuelle ENAU-Tunis<\/span><\/li>\n<\/ul>\n<p>&nbsp;<\/p>\n<h4><span style=\"color: #808080;\">2013<\/span><\/h4>\n<p>&nbsp;<\/p>\n<ul>\n<li><span style=\"color: #808080;\"><strong>Segbegnon Conrad S\u00e9verin BOTON<\/strong><\/span><br \/>\n<span style=\"color: #808080;\"><em>ED 77 \u2013 IAEM Lorraine<\/em><\/span><br \/>\n<span style=\"color: #808080;\"><strong>Titre :<\/strong>\u00a0User Views Design in Service-oriented Information Systems. Application to Simulation Support in Construction Projects.<\/span><br \/>\n<span style=\"color: #808080;\"><strong>Directeur :<\/strong>\u00a0Gilles Halin\u00a0(MAP)<\/span><br \/>\n<span style=\"color: #808080;\"><strong>Financement :<\/strong>\u00a0FNRL<\/span><\/li>\n<\/ul>\n<p>&nbsp;<\/p>\n<ul>\n<li><span style=\"color: #808080;\"><strong>Mohamed Anis GALLAS<\/strong><\/span><br \/>\n<span style=\"color: #808080;\"><em>ED 77 \u2013 IAEM Lorraine<\/em><\/span><br \/>\n<span style=\"color: #808080;\"><strong>Titre :<\/strong>\u00a0Lumi\u00e8re et \u00e9nergie en phase d\u2019amont de conception, quel mod\u00e8le d\u2019apprentissage et d\u2019aide \u00e0 la conception ?<\/span><br \/>\n<span style=\"color: #808080;\"><strong>Directeur :<\/strong>\u00a0Gilles Halin\u00a0(MAP)<\/span><br \/>\n<span style=\"color: #808080;\"><strong>Financement :<\/strong>\u00a0bourse gvt Tunisie<\/span><\/li>\n<\/ul>\n<p>&nbsp;<\/p>\n<ul>\n<li><span style=\"color: #808080;\"><strong>Aur\u00e9lie FAVRE-BRUN<\/strong><\/span><br \/>\n<span style=\"color: #808080;\"><em>ED 355 \u2013 MMSH Aix-en-Provence<\/em><\/span><br \/>\n<span style=\"color: #808080;\"><strong>Titre :<\/strong>\u00a0Visualisation de l\u2019incertitude \u00e0 travers un syst\u00e8me d\u2019informations : application \u00e0 la chartreuse pontificale de Villeneuve-l\u00e8s-Avignon (Gard).<\/span><br \/>\n<span style=\"color: #808080;\"><strong>Directeur :<\/strong>\u00a0Andreas Hartmann-Virnish (MMSH)<\/span><br \/>\n<span style=\"color: #808080;\"><strong>Co-directeur :<\/strong>\u00a0Michel Florenzano (MAP)<\/span><br \/>\n<span style=\"color: #808080;\"><strong>Financement :<\/strong>\u00a0contractuelle MAP<\/span><\/li>\n<\/ul>\n<p>&nbsp;<\/p>\n<ul>\n<li><span style=\"color: #808080;\"><strong>Micheline KURDY<br \/>\n<\/strong><em>ED 355 \u2013 MMSH Aix-en-Provence<br \/>\n<\/em><strong>Titre :<\/strong>\u00a0Apports du relev\u00e9 num\u00e9rique. Acquisition de la morphologie, gestion et r\u00e9colement d\u2019informations pour l\u2019\u00e9tude architecturale du site de Saint-Sym\u00e9on (Syrie).<\/span><br \/>\n<span style=\"color: #808080;\"><strong>Directeur :<\/strong>\u00a0Andreas\u00a0Hartmann-Virnish (MMSH)<\/span><br \/>\n<span style=\"color: #808080;\"><strong>Co-directeur :<\/strong>\u00a0Michel\u00a0Florenzano (MAP)<\/span><br \/>\n<span style=\"color: #808080;\"><strong>Financement :<\/strong>\u00a0contractuelle MAP<\/span><\/li>\n<\/ul>\n<h4><\/h4>\n<ul>\n<li><span style=\"color: #808080;\"><strong>Daniel ZIGNALE<\/strong><\/span><br \/>\n<span style=\"color: #808080;\"><em>ED 77 \u2013 IAEM Lorraine<\/em><\/span><br \/>\n<span style=\"color: #808080;\"><strong>Titre :<\/strong>\u00a0Role-specific practices as guidelines for information visualization in services systems.<\/span><br \/>\n<span style=\"color: #808080;\"><strong>Directeur :<\/strong>\u00a0Gilles Halin\u00a0(MAP)<\/span><br \/>\n<span style=\"color: #808080;\"><strong>Financement :<\/strong>\u00a0FNRL<\/span><\/li>\n<\/ul>\n<h4><\/h4>\n<h4><span style=\"color: #808080;\">2012<\/span><\/h4>\n<p>&nbsp;<\/p>\n<ul>\n<li><span style=\"color: #808080;\"><strong>Charline WEISSENSTEIN<\/strong><\/span><br \/>\n<span style=\"color: #808080;\"><em>ED 77 \u2013 IAEM Lorraine<\/em><\/span><br \/>\n<span style=\"color: #808080;\"><strong>Titre :<\/strong>\u00a0Proposition d\u2019une m\u00e9thode d\u2019\u00e9valuation progressive et comparative du profil environnemental des b\u00e2timents pour assister l\u2019\u00e9co-conception en architecture et ing\u00e9nierie.<\/span><br \/>\n<span style=\"color: #808080;\"><strong>Directeur :<\/strong>\u00a0Jean-Claude Bignon<\/span><br \/>\n<span style=\"color: #808080;\"><strong>Financement :<\/strong>\u00a0allocation MESR<\/span><\/li>\n<\/ul>\n<p>&nbsp;<\/p>\n<h4><span style=\"color: #808080;\">2011<\/span><\/h4>\n<p>&nbsp;<\/p>\n<ul>\n<li><span style=\"color: #808080;\"><strong>Salma CHAABOUNI<\/strong><\/span><br \/>\n<span style=\"color: #808080;\"> <em> ED 77 \u2013 IAEM Lorraine<\/em><\/span><br \/>\n<span style=\"color: #808080;\"> <strong>Titre :<\/strong> Savoir, voir, concevoir. Une m\u00e9thode d\u2019assistance \u00e0 la conception d\u2019ambiances lumineuses par la manipulation et l\u2019exploitation de r\u00e9f\u00e9rences imag\u00e9es d\u2019ambiances int\u00e9rieures en \u00e9clairage naturel.<\/span><br \/>\n<span style=\"color: #808080;\"> <strong>Directeur :<\/strong> Jean-Claude Bignon\u00a0(MAP)<\/span><br \/>\n<span style=\"color: #808080;\"> <strong>Co-directeur :<\/strong> Gilles Halin\u00a0(MAP)<\/span><br \/>\n<span style=\"color: #808080;\"> <strong>Financement :<\/strong> bourse gvt Tunisie<\/span><\/li>\n<\/ul>\n<p>&nbsp;<\/p>\n<ul>\n<li><span style=\"color: #808080;\"><strong>Francesca DE DOMENICO<\/strong><\/span><br \/>\n<span style=\"color: #808080;\"> <em> ED 472 \u2013 \u00c9cole Pratique d\u2019Hautes \u00c9tudes<\/em><\/span><br \/>\n<span style=\"color: #808080;\"> <strong>Titre :<\/strong> Habiter en zone aride. Approche comparative pour la sauvegarde, la conservation et la valorisation num\u00e9rique du patrimoine construit.<\/span><br \/>\n<span style=\"color: #808080;\"> <strong>Directeur :<\/strong> Marie-Fran\u00e7oise Courel (EPHE)<\/span><br \/>\n<span style=\"color: #808080;\"> <strong>Co-directeur :<\/strong> Michel Florenzano (MAP)<\/span><br \/>\n<span style=\"color: #808080;\"> <strong>Financement :<\/strong> BDI CNRS<\/span><\/li>\n<\/ul>\n<p>&nbsp;<\/p>\n<ul>\n<li><span style=\"color: #808080;\"><strong>Vida GHOLIPOUR<\/strong><\/span><br \/>\n<span style=\"color: #808080;\"> <em> ED 77 \u2013 IAEM Lorraine<\/em><\/span><br \/>\n<span style=\"color: #808080;\"> <strong>Titre :<\/strong> \u00c9co-conception collaborative de b\u00e2timents durables.<\/span><br \/>\n<span style=\"color: #808080;\"> <strong>Directeur :<\/strong> Laure Morel<\/span><br \/>\n<span style=\"color: #808080;\"> <strong>Co-directeur :<\/strong> Jean-Claude Bignon (MAP)<\/span><br \/>\n<span style=\"color: #808080;\"> <strong>Financement :<\/strong> allocation MESR<\/span><\/li>\n<\/ul>\n<p>&nbsp;<\/p>\n<h4><span style=\"color: #808080;\">2010<\/span><\/h4>\n<p>&nbsp;<\/p>\n<ul>\n<li><span style=\"color: #808080;\"><strong>Chawee BUSAYARAT<\/strong><\/span><br \/>\n<span style=\"color: #808080;\"> <em> ED 432 \u2013 Arts et M\u00e9tiers ParisTech<\/em><\/span><br \/>\n<span style=\"color: #808080;\"> <strong>Titre :<\/strong> La maquette num\u00e9rique comme support pour la recherche et la gestion d\u2019informations patrimoniales. D\u00e9finition d\u2019une approche pour la s\u00e9mantisation de sources documentaries par le r\u00e9f\u00e9rencement spatial.<\/span><br \/>\n<span style=\"color: #808080;\"> <strong>Directeur :<\/strong> Michel Florenzano (MAP)<\/span><br \/>\n<span style=\"color: #808080;\"> <strong>Co-directeur :<\/strong> Philippe Veron (SIS)<\/span><br \/>\n<span style=\"color: #808080;\"> <strong>Ma\u00eetre de th\u00e8se :<\/strong> Livio De Luca (MAP)<\/span><br \/>\n<span style=\"color: #808080;\"> <strong>Financement :<\/strong> bourse MCC \/ Direction de l\u2019Architecture et du Patrimoine<\/span><br \/>\n<span style=\"color: #808080;\"> <strong>PDF :<\/strong> <a title=\"http:\/\/hal.archives-ouvertes.fr\/pastel-00557514\" href=\"http:\/\/hal.archives-ouvertes.fr\/pastel-00557514\" target=\"_blank\" rel=\"noopener\"><span style=\"color: #808080;\">http:\/\/hal.archives-ouvertes.fr\/pastel-00557514<\/span><\/a><\/span><\/li>\n<\/ul>\n<p>&nbsp;<\/p>\n<ul>\n<li><span style=\"color: #808080;\"><strong>Philippe MARIN<\/strong><\/span><br \/>\n<span style=\"color: #808080;\"> <em> ED 77 \u2013 IAEM Lorraine<\/em><\/span><br \/>\n<span style=\"color: #808080;\"> <strong>Titre :<\/strong> Exploration des m\u00e9canismes \u00e9volutionnaires appliqu\u00e9s \u00e0 la conception architecturale<\/span><br \/>\n<span style=\"color: #808080;\"> <strong>Directeur<\/strong> : Jean-Claude Bignon<\/span><\/li>\n<\/ul>\n<p>&nbsp;<\/p>\n<ul>\n<li><span style=\"color: #808080;\"><strong>Chiara STEFANI<\/strong><\/span><br \/>\n<span style=\"color: #808080;\"> <em> ED 432 \u2013 Arts et M\u00e9tiers ParisTech<\/em><\/span><br \/>\n<span style=\"color: #808080;\"> <strong>Titre :<\/strong> Maquettes num\u00e9riques spatio-temporelles d\u2019\u00e9difices patrimoniaux. Mod\u00e9lisation de la dimension temporelle et multi-restitution des \u00e9difices.<\/span><br \/>\n<span style=\"color: #808080;\"> <strong>Directeur :<\/strong> Philippe Veron (SIS)<\/span><br \/>\n<span style=\"color: #808080;\"> <strong>Co-directeur :<\/strong> Michel Florenzano (MAP)<\/span><br \/>\n<span style=\"color: #808080;\"> <strong>Ma\u00eetre de th\u00e8se :<\/strong> Livio De Luca (MAP)<\/span><br \/>\n<span style=\"color: #808080;\"> <strong>Financement :<\/strong> bourse MCC \/ Direction de l\u2019Architecture et du Patrimoine<strong><br \/>\nPDF :<\/strong> <a title=\"http:\/\/hal.archives-ouvertes.fr\/pastel-00522122_v1\/\" href=\"http:\/\/hal.archives-ouvertes.fr\/pastel-00522122_v1\/\" target=\"_blank\" rel=\"noopener\"><span style=\"color: #808080;\">http:\/\/hal.archives-ouvertes.fr\/pastel-00522122_v1<\/span><\/a><\/span><\/li>\n<\/ul>\n<p>&nbsp;<\/p>\n<ul>\n<li><span style=\"color: #808080;\">\u00a0<strong>Sandro VARANO<\/strong><\/span><br \/>\n<span style=\"color: #808080;\"> <em> ED 77 \u2013 IAEM Lorraine<\/em><\/span><br \/>\n<span style=\"color: #808080;\"> <strong>Titre :<\/strong> Proposition d\u2019un mode de navigation 3D fond\u00e9 sur des parcours strat\u00e9giques comme aide \u00e0 la compr\u00e9hension du patrimoine arch\u00e9ologique et architectural.<\/span><br \/>\n<span style=\"color: #808080;\"> <strong>Directeur :<\/strong> Jean-Claude Bignon<\/span><br \/>\n<span style=\"color: #808080;\"> <strong>Co-directeur :<\/strong> Gilles Halin<\/span><br \/>\n<span style=\"color: #808080;\"> <strong>Financement :<\/strong> allocation MCC<\/span><\/li>\n<\/ul>\n<p>&nbsp;<\/p>\n<h4><span style=\"color: #808080;\">2009<\/span><\/h4>\n<p>&nbsp;<\/p>\n<ul>\n<li><span style=\"color: #808080;\"><strong>Annie GUERRIERO<\/strong><\/span><br \/>\n<span style=\"color: #808080;\"> <em> ED 77 \u2013 IAEM Lorraine<\/em><\/span><br \/>\n<span style=\"color: #808080;\"> <strong>Titre :<\/strong> La repr\u00e9sentation de la confiance dans une activit\u00e9 collective. Application \u00e0 la coordination de l\u2019activit\u00e9 de chantier de construction.<\/span><br \/>\n<span style=\"color: #808080;\"> <strong>Directeur :<\/strong> Gilles Halin<\/span><\/li>\n<\/ul>\n<p>&nbsp;<\/p>\n<ul>\n<li><span style=\"color: #808080;\"><strong>Jean-Paul WETZEL<\/strong><\/span><br \/>\n<span style=\"color: #808080;\"> <em> ED 77 \u2013 IAEM Lorraine<\/em><\/span><br \/>\n<span style=\"color: #808080;\"> <strong>Titre :<\/strong> Proposition d\u2019un mod\u00e8le et d\u2019un outil d\u00e9di\u00e9s \u00e0 la conception morphologique architecturale en phase esquisse.<\/span><br \/>\n<span style=\"color: #808080;\"> <strong>Directeur :<\/strong> Jean-Claude Bignon<\/span><\/li>\n<\/ul>\n<\/div>\n<\/li>\n<\/ul>\n","protected":false},"excerpt":{"rendered":"<p>T H \u00c8 S E S \u00a0 E N\u00a0\u00a0 C O U R S &nbsp; Violette ABERGEL ED Arts et M\u00e9tiers ParisTech Titre :\u00a0Annotation s\u00e9mantique multimodale en r\u00e9alit\u00e9 mixte : application au cas des Grottes Orn\u00e9es. Directeur : Livio De Luca (MAP) Financement : contrat doctoral MCC Nicola CARBONI Consortium Marie Curie ITN &#8211; Digital [&hellip;]<\/p>\n","protected":false},"author":1,"featured_media":0,"parent":54,"menu_order":5,"comment_status":"closed","ping_status":"closed","template":"","meta":{"footnotes":""},"class_list":["post-203","page","type-page","status-publish","hentry"],"_links":{"self":[{"href":"http:\/\/www.gamsau.map.cnrs.fr\/index.php?rest_route=\/wp\/v2\/pages\/203","targetHints":{"allow":["GET"]}}],"collection":[{"href":"http:\/\/www.gamsau.map.cnrs.fr\/index.php?rest_route=\/wp\/v2\/pages"}],"about":[{"href":"http:\/\/www.gamsau.map.cnrs.fr\/index.php?rest_route=\/wp\/v2\/types\/page"}],"author":[{"embeddable":true,"href":"http:\/\/www.gamsau.map.cnrs.fr\/index.php?rest_route=\/wp\/v2\/users\/1"}],"replies":[{"embeddable":true,"href":"http:\/\/www.gamsau.map.cnrs.fr\/index.php?rest_route=%2Fwp%2Fv2%2Fcomments&post=203"}],"version-history":[{"count":30,"href":"http:\/\/www.gamsau.map.cnrs.fr\/index.php?rest_route=\/wp\/v2\/pages\/203\/revisions"}],"predecessor-version":[{"id":4402,"href":"http:\/\/www.gamsau.map.cnrs.fr\/index.php?rest_route=\/wp\/v2\/pages\/203\/revisions\/4402"}],"up":[{"embeddable":true,"href":"http:\/\/www.gamsau.map.cnrs.fr\/index.php?rest_route=\/wp\/v2\/pages\/54"}],"wp:attachment":[{"href":"http:\/\/www.gamsau.map.cnrs.fr\/index.php?rest_route=%2Fwp%2Fv2%2Fmedia&parent=203"}],"curies":[{"name":"wp","href":"https:\/\/api.w.org\/{rel}","templated":true}]}}